 w be g(7). What is the highest common factor of w and i?
9
Suppose -325 = 16*j - 1397. What is the highest common factor of j and 603?
67
Let s(q) = -4*q - 28. Let p be s(-9). Let o = -4 + p. What is the greatest common factor of o and 32?
4
Suppose -4*o + 32 = -24. Suppose 0*q + q + 1410 = 5*k, -3*q = 0. Suppose -4*r = 5*i - 494 + 82, 3*r - k = 3*i. What is the greatest common divisor of r and o?
14
Let u = -128 + 133. Calculate the highest common factor of 135 and u.
5
Let i = 58 + -33. Let g be 4320/440 + (-2)/(-11). What is the highest common divisor of g and i?
5
Let z(n) = 109*n + 908. Let g be z(-8). Let p(v) = -v**3 + 5*v**2 + 4*v + 4. Let q be p(4). Calculate the greatest common factor of q and g.
36
Let j(p) be the first derivative of -3*p**2/2 + 3*p - 2. Let x be j(-3). Suppose 5*l = 10*l - 20. What is the highest common factor of l and x?
4
Suppose -2*z = -210 + 194. What is the greatest common divisor of 26 and z?
2
Let n(d) = d**3 - 2*d**2 + d. Let u = -1 + 3. Let l be n(u). Suppose 5*p - l - 18 = 0. What is the greatest common divisor of 8 and p?
4
Let x be 276/(-184) - (-486)/4. What is the greatest common factor of x and 1320?
120
Suppose -4*d = -28 - 12. Let h be (50/(-35))/(-1 - (-52)/56). Let i = h - d. Calculate the highest common factor of i and 90.
10
Suppose 2*s + 8 = -2*j + 3*j, 24 = 5*j - 2*s. Suppose j*t + 20 = 2*m, -m + 5 - 2 = 5*t. Let c = 15 - 7. Calculate the highest common factor of m and c.
8
Let i be -10*(3 + (-72)/15). What is the greatest common divisor of 909 and i?
9
Let k(w) = -w**3 - 53*w**2 + 49*w - 122. Let g be k(-54). What is the highest common factor of 4 and g?
4
Let g(d) = d**2 + 8*d + 4. Suppose -2*b - b - 24 = 0. Let u be g(b). Suppose u*w = -0*w + 504. What is the highest common divisor of w and 14?
14
Let d be ((-176)/(-6))/(8/156). Let b be (1/(-2))/((-11)/d). Let i = b - -19. What is the greatest common factor of i and 15?
15
Suppose 2*d = 3*i - 173, -5*i + 2*d + 14 = -273. Let w = i + -51. Calculate the greatest common factor of 3 and w.
3
Let k be 3/(-15)*-5 - -7. Suppose 17*s - 144 = k*s. Calculate the greatest common divisor of s and 16.
16
Let z(i) = -i**3 - 3*i**2 - 4*i - 2. Let f be z(-2). Let q be (-4)/(-18) - 133/(-9). Let p be q/20*80/f. What is the highest common divisor of p and 20?
10
Let x(d) = 11*d - 47. Let k be x(7). What is the greatest common divisor of 50 and k?
10
Let r(w) be the first derivative of 7*w**2/2 - 3*w - 10. Let k be r(1). Calculate the highest common factor of k and 32.
4
Let m(f) = -f**3 + 2*f**2 + 3*f + 4. Let i be m(3). Suppose 0 = 3*n + 2*v - 134, 0 = -i*n - 2*v + 119 + 57. Calculate the highest common factor of 28 and n.
14
Suppose -51*o + 184 = -122. Let x be -1 + (-4)/(-3 - -1). What is the highest common divisor of x and o?
1
Suppose b + t - 147 = 103, 12 = 4*t. What is the highest common factor of 38 and b?
19
Suppose 6*p = p + 75. Let n = p - 2. What is the greatest common factor of n and 13?
13
Let v be 14/14 - (0/(-1) - 40). What is the highest common factor of v and 779?
41
Let j be (-1)/(-12) - 5950/(-600). Calculate the highest common divisor of 20 and j.
10
Suppose 3*s = 3*i + 70 + 302, 512 = 4*s + 4*i. Let x be s/30 - (-1)/(-5). Calculate the greatest common divisor of 1 and x.
1
Let o be (-22 - -30)*(-1)/(-1). Suppose 2*k - 3*k = -o. Suppose -4*b + 96 = -0*b. Calculate the greatest common factor of k and b.
8
Suppose -2*w - 162 = -0*w. Let c be ((-25)/5 - -3)*w/2. Calculate the greatest common divisor of c and 3.
3
Let g = -148 + 196. What is the highest common divisor of g and 192?
48
Suppose -9*o + 933 = -543. What is the highest common divisor of 205 and o?
41
Let h be 2/4 + 7254/36. Suppose -h = -5*y + 18. Let l be 902/y - (-1)/(-2). What is the greatest common factor of l and 140?
20
Suppose 0*w + 2*w = -2*d + 18, -5*w - d = -29. Suppose w*i = -32 + 472. What is the highest common divisor of i and 8?
8
Let n(y) = -4*y + 22. Let l be n(7). Let s(q) = -q**3 - 7*q**2 - 10*q - 3. Let v be s(l). What is the highest common divisor of v and 189?
21
Suppose 0 = -22*y + 1128 + 808. What is the greatest common factor of y and 256?
8
Let s(h) = -4*h - 2. Let l be 12/(-8)*60/18. Let j be s(l). Let g = 7 - 1. Calculate the highest common divisor of g and j.
6
Let l(f) = -113*f**3 - 2*f - 1. Let b be l(-1). Suppose 3*j = -j - 260. Let o = b + j. What is the highest common factor of 7 and o?
7
Suppose 0 = -4*n - 4*i + 28, -2*n - 3*i + 8 = -1. What is the highest common divisor of 45 and n?
3
Let h(s) = s**3 + 7*s**2 - 9*s. Suppose k - 2*w = -4*k - 30, -36 = 2*k + 4*w. Let z be h(k). Calculate the greatest common factor of z and 24.
8
Suppose 2*b + 18 = -3*v + 316, b - 156 = 2*v. Calculate the greatest common factor of 19 and b.
19
Suppose 2*c = c - 3*w + 21, -3*w = -c + 39. What is the greatest common factor of c and 105?
15
Let g(x) = -x**3 + 2*x**2 - 4*x - 2. Let t be (12/(-8))/(1/2). Let w be g(t). Let j be 2/4 - w/(-22). What is the highest common factor of j and 2?
1
Let z(q) = -2*q + 4. Let n be z(10). Let o = -17 - n. Let y be (-2 + 3)*17 + o. Calculate the highest common factor of 16 and y.
16
Let v(i) = -i + 5. Let k be v(6). Let g be (15/6)/(k/2). Let p = g + 9. What is the greatest common divisor of 44 and p?
4
Let w = -2 + -23. Let u = -6 - w. Calculate the highest common divisor of u and 19.
19
Let b = 211 - 127. Calculate the highest common divisor of b and 210.
42
Let k = 24 - 93. Let g = k + 84. Let b = 118 - -17. What is the highest common factor of g and b?
15
Let q(y) = y**3 + 6*y**2 - 10*y - 5. Let n be q(-7). Let u(b) = 6*b**2 - 49*b + 10. Let o be u(8). What is the greatest common divisor of o and n?
2
Let d(p) = -5*p**3 - 7*p - 11. Let a be d(-3). Let x = 57 + 71. Suppose 0 = 3*f - x - a. Calculate the highest common divisor of 13 and f.
13
Let v(p) = 7*p + 23 + 26 - 46. Let g be v(2). Calculate the greatest common divisor of g and 119.
17
Let k(l) = 4*l - 27. Let u be k(8). Suppose -u*w + 2*w = -a + 194, w - 5 = 0. Calculate the highest common divisor of a and 11.
11
Let l(r) = 31*r**2 + 3*r + 7. Let w(t) = -31*t**2 - 4*t - 8. Let k(q) = 4*l(q) + 3*w(q). Let n be k(-2). Calculate the greatest common divisor of 16 and n.
16
Suppose -5*j = -0*j - 10. Let l be 3 - (3 + -2 - j). Suppose l*s = 12, -2*s = -8*a + 3*a + 94. Calculate the highest common factor of 4 and a.
4
Suppose -4*i + 6*i = -5*q + 83, -i = -4*q + 56. What is the highest common factor of 195 and q?
15
Let y = -40 + 39. Let w be (y - -4) + ((-84)/(-2) - -2). Calculate the greatest common divisor of w and 47.
47
Let z = -71 + 78. Calculate the greatest common factor of 3 and z.
1
Let m = 55 + -7. Let g(o) = -o**2 + 23*o - 4. Let l(s) = 2*s**2 + 15*s + 11. Let n be l(-8). Let z be g(n). Calculate the greatest common factor of z and m.
24
Let n = 272 + -252. Suppose 2*z = 3*d + 55, 4*z = 8*d - 3*d + 105. Calculate the highest common divisor of z and n.
20
Suppose -3*i = -d - 1 - 2, 5*d - i - 13 = 0. Suppose 5*w + 0*w + 45 = 5*f, -w - f = d. Let g = w - -26. Calculate the highest common divisor of g and 80.
20
Suppose 32*b = 931 - 291. What is the highest common factor of 1460 and b?
20
Suppose -23 + 218 = 13*m. What is the highest common divisor of m and 720?
15
Let i(m) = 27*m - 164. Let j be i(11). What is the highest common divisor of j and 70?
7
Suppose n = j - 2, -2 = 4*j - 2*n - 14. Let z = j - -14. Calculate the greatest common divisor of z and 126.
18
Let q(b) = -b**2 - 2*b + 66. Let o(w) = -2*w + 2. Let c be o(1). Let i be q(c). What is the greatest common factor of i and 44?
22
Suppose 4*d + 63 = 3*k + 2*d, 4*k + 3*d = 84. Let p = k + 169. Calculate the greatest common factor of p and 38.
38
Suppose -3*z + h = -2011 - 821, -3*z = 2*h - 2832. What is the greatest common factor of 59 and z?
59
Let g be 2/(-10 + 12 + (-32)/17). Suppose -g*j + 10*j = -14. What is the greatest common factor of 3 and j?
1
Let i(b) = 6*b**2 - 2*b - 13. Let j be i(-6). Calculate the greatest common factor of j and 5.
5
Let q(b) = 10*b - 7*b + 0*b - 2*b + b**2 + 10. Let m be q(0). Calculate the highest common divisor of m and 90.
10
Suppose -8*b = -40 + 8. Let s = 25 + -17. Calculate the highest common factor of b and s.
4
Let m be (0 + -4)*(-11)/(99/36). What is the greatest com